st common factor of p and 378.
14
Let w = 36343 + -25740. What is the greatest common factor of 23 and w?
23
Suppose 484 = 3*r + 142. Suppose -81*z + 19*z - 3410 = -31*z. Let v = z + r. Calculate the highest common divisor of 100 and v.
4
Suppose -4*p - 24 = -4. Let z be -5*(-1 - (-59)/p). Suppose j - 14 - 2 = 0. What is the greatest common divisor of z and j?
16
Let n(u) = -2*u**3 - 88*u**2 - 7*u + 333. Let a be n(-45). Calculate the highest common factor of a and 58.
58
Let v(u) = 5*u**3 - 6*u**2 + 4*u + 2. Let o be v(3). Let f = o - 55. Let q(i) = 3*i - 8. Let m be q(8). What is the greatest common factor of m and f?
8
Let s be ((6 - 5) + 1)/((-10)/1845). Let x = -299 - s. What is the highest common factor of 805 and x?
35
Suppose h - 575 = -4*h. Let a(x) = -2*x. Let n(p) = 10*p - 68. Let k(b) = -6*a(b) - n(b). Let i be k(-11). Calculate the greatest common factor of h and i.
23
Let w(o) = -4*o**2 - 9*o - 8. Let y be w(-5). Let l = y - -109. Suppose -x - 104 = -3*v, x + 94 = 4*v - l. What is the highest common divisor of v and 396?
36
Suppose 4*i - 108 - 56 = 4*q, -5*i + 195 = -3*q. Let h = 0 + i. What is the greatest common divisor of 216 and h?
36
Let q = 233 + -88. Suppose -q = -5*v - u, 5*u = -8*v + 3*v + 145. Suppose 0 = -x - h + 1 + v, 78 = 3*x - 3*h. What is the greatest common divisor of x and 4?
4
Suppose p - 3*a - 4155 - 1220 = 0, 3*p + 5*a = 16223. What is the highest common divisor of 19 and p?
19
Let j(w) = 92*w**2 - 17*w + 66. Let v be j(6). What is the highest common factor of 108 and v?
36
Suppose -4*y - 5*c + 305 = y, -2*y - 4*c + 116 = 0. Let h(i) = 2*i**3 - 7*i**2 - 23*i + 82. Let d be h(3). What is the highest common divisor of y and d?
4
Suppose -93 = q + 2*q. Suppose -a - 120 = 5*k, -k + 89*a - 5 = 93*a. Let w = k - q. What is the highest common divisor of w and 48?
6
Suppose -2*f + 5*f = 150. Suppose 2*c + 8 - 26 = 0. Let s(n) = -3*n + 37. Let m be s(c). Calculate the greatest common factor of f and m.
10
Suppose 25*o = 133*o - 1209168. Calculate the highest common divisor of o and 216.
36
Let n = -137 - -140. Suppose j = -5*u + 81, -6*u + u - n*j = -73. What is the greatest common factor of 17 and u?
17
Let h be (-2)/(-12) + 986/204. Suppose 3*d - 2*s = 31, d = h*d + s - 56. Calculate the highest common factor of d and 299.
13
Let q = -32 - -45. Suppose 5*a + 15*y - 10*y - 510 = 0, -4*a + 2*y = -420. What is the greatest common divisor of a and q?
13
Let b(z) be the second derivative of 13*z**4/3 + z**3/3 + z**2 + 14*z - 4. Let i be b(-1). What is the greatest common divisor of i and 182?
26
Let h = -21 - -25. Suppose -3*g + 83 = 4*s - 17, 0 = -3*s + h*g + 75. Calculate the greatest common divisor of 325 and s.
25
Suppose -2*g + 3*g = 5*i + 32, 4*i + 58 = 2*g. Suppose 0 = -3*l + 15, 0 = 1443*f - 1448*f - 3*l + 1500. Calculate the highest common divisor of f and g.
27
Let h be (-275)/11*21/(-5). Let g(r) = -3*r**2 + 13*r + 9. Let p be g(5). Let f be 22 + (2 - 4) + (p - -2). What is the highest common divisor of h and f?
21
Let g = 1561 + -1487. What is the highest common factor of g and 4958?
74
Let g be 24/14*(0 - -7). Let x(i) be the second derivative of 7*i**3/6 - 11*i**2/2 + 82*i. Let v be x(17). What is the highest common factor of v and g?
12
Let f be -4 + 167 + 8/((-24)/21). Calculate the greatest common factor of 120 and f.
12
Let x = -18 - -18. Let v(y) = y - 24. Let k be v(x). Let t = -12 - k. What is the highest common factor of t and 12?
12
Let t be 7/(7/4) + -2. Let x = -18 - -23. Suppose -4*j + 32 = h + h, -5*h + x*j = -35. What is the greatest common divisor of t and h?
2
Let x = -345 - -175. Let q be 4/(-6) - x/3. Let j(l) = 115*l - 1711. Let i be j(15). What is the greatest common factor of i and q?
14
Let u be -2 - (2*1 - (-120)/(-20)). Let f be 103 + 5 + (u - -2). What is the greatest common divisor of 64 and f?
16
Let w(m) = 5*m**2 - 4*m - 2. Let t be w(4). Let p(l) = -80*l - 1486. Let r be p(-24). Calculate the greatest common factor of t and r.
62
Let l(m) be the third derivative of 3*m**4/8 + 95*m**3/6 - 2*m**2 - 10. Let y be l(-9). What is the highest common divisor of 49 and y?
7
Suppose 2*u + 0*v = 2*v + 20, v - 10 = -u. Suppose 2*l - 2*t = 128, -4*t = -2*l - 51 + 167. What is the greatest common factor of l and u?
10
Let a(l) = 14*l**2 - 11*l - 16. Let m be a(-3). Suppose 0 = 4*i - m - 157. What is the highest common factor of i and 25?
25
Suppose 2*p - 661 = 5*t, 4*p - 5*t = -p + 1675. Suppose -5*u + 1422 = -p. What is the greatest common factor of 22 and u?
22
Let v be (-279283)/(-362) - 9/(-2). Calculate the greatest common factor of v and 80.
8
Suppose 219*b = 201*b + 167400. What is the highest common divisor of 150 and b?
150
Let r(o) = 3 - 2 + 1 + 2 - 3*o. Let b be r(2). Let g be (b - 12/(-3) - 6) + 15. What is the highest common divisor of g and 22?
11
Suppose 0*v + 935 = 5*v. Suppose -a = -3*a - 332. Let h = a + 183. What is the greatest common factor of h and v?
17
Let f be (3 + 0)*(-8 + 84). Let d be (238/51)/((-7)/(-18)). Calculate the highest common factor of f and d.
12
Let o(a) = -a**2 - 4*a. Let p be o(-3). Let r = -6410 + 6418. What is the highest common factor of p and r?
1
Let p(f) = 3*f**2 - 3*f + 4. Let b be p(7). Let h = b - 100. Suppose 26 = 4*o + 2. Calculate the highest common divisor of h and o.
6
Let o(h) = 13*h**2 + 6*h + 2. Suppose 5*s + 8 = s. Let v be o(s). Suppose 0 = 4*g - 8, -2*j = 2*g + 3*g - v. What is the greatest common divisor of 24 and j?
8
Let c(j) = j**3 - j**2 + j + 6. Let d be c(0). Suppose 0*p - 824 = -8*p. Let y = 118 - p. Calculate the greatest common factor of d and y.
3
Suppose 5*p + 50 = b, p + 54 = b - 2*p. Let s be ((-16)/40)/(0 + (-6)/9900). What is the highest common factor of s and b?
60
Suppose 3*v + 2*o - 2034 = 0, 4*v - 4*o = 1540 + 1192. Calculate the highest common factor of v and 480.
40
Suppose -3*b + 45 = 45. Suppose -4*o + 0*o + 4*u + 132 = b, 2*o + 4*u = 54. What is the greatest common divisor of o and 620?
31
Let r = 35587 + -35571. Let p(u) = -u**3 + 2*u**2 - u. Let f be p(2). Let h be 1/(-2) + (-65)/f. What is the highest common divisor of r and h?
16
Suppose 0 = -3*q - 2*p + 198, 4*q + 3*p - 62 = 201. What is the greatest common factor of q and 8262?
34
Let i be 1 - 3 - (-13 - -3). Suppose 0*l + j = l, l - i = -j. Suppose l*n = h + 2*h + 107, 4*n + 3*h = 77. Calculate the highest common factor of 23 and n.
23
Suppose -2*b + 15 = 3*b. Suppose 0 = -b*d + 4*d - 118. Suppose y + f - 30 = 0, -3*y + d = 2*y - 3*f. Calculate the highest common factor of 26 and y.
26
Let h = 2244 + -2186. What is the highest common divisor of h and 986?
58
Let r = 38 + -44. Let a = 10 + r. Suppose a*l + l = 2*w + 23, 13 = 3*l - w. What is the highest common divisor of l and 3?
3
Suppose 5*j + 3*u = -u + 5376, 3*j - 3*u = 3231. Let v = j - 984. What is the highest common divisor of v and 115?
23
Suppose 5*z + t - 495 = 0, 0 = -3*z - 34*t + 33*t + 299. What is the highest common divisor of 4214 and z?
98
Let c be -36*((-102)/12 + 7). Let b be (-4)/((-192)/(-8)) - 868/(-24). What is the greatest common divisor of c and b?
18
Let r = -983 - -1205. What is the greatest common divisor of 814 and r?
74
Let l = 707 + -1064. Let f = 364 + l. Calculate the greatest common divisor of f and 2.
1
Suppose -6 = 2*l, j - 5*l + 896 = 912. What is the highest common factor of 1073 and j?
1
Let g(b) = 15*b**3 + 6*b**2 - 73*b + 340. Let r be g(5). What is the greatest common factor of 64 and r?
16
Let u be (2/(-5))/(7/(2 - 282)). Calculate the greatest common divisor of u and 1604.
4
Suppose -276*s - 3465 = -283*s. Calculate the greatest common divisor of 7755 and s.
165
Suppose -5*y + 19*w = 22*w - 418, -3*y + 3*w = -270. What is the greatest common divisor of 1075 and y?
43
Let y = 22 - 15. Let g(d) = 5*d**2 - 29*d - 64. Let q be g(-2). What is the greatest common divisor of q and y?
7
Suppose -5*h = -6*f + 8*f - 149, -8 = f. What is the highest common factor of 12815 and h?
11
Let t(p) = p**2 + 110*p + 423. Let j be t(-107). What is the highest common factor of j and 606?
6
Let n be (3 + -99)/(-2*9/12). Let d = n + -58. Suppose -5*i + d*i - 2 = 0. Calculate the highest common divisor of i and 14.
2
Suppose -25*g = -22*g. Suppose g = 23*y + 13*y - 2808. What is